 of 1608?
True
Is 241664213 a multiple of 286?
False
Is 1157902647 a multiple of 1844?
False
Is 128 a factor of 11822208?
True
Does 7 divide 2432651200?
True
Is 138923100 a multiple of 450?
True
Is 21 a factor of 49400148?
True
Is 169 a factor of 184912888?
False
Does 11 divide 1416820580?
False
Is 9 a factor of 476567436?
False
Is 33207251 a multiple of 1406?
False
Does 6 divide 30385361?
False
Is 2037157561 a multiple of 151?
False
Is 996 a factor of 5623799460?
True
Is 10 a factor of 1974153631?
False
Is 894 a factor of 39401262?
True
Is 19 a factor of 383300777?
False
Is 62 a factor of 80618419?
False
Is 4719418000 a multiple of 50?
True
Does 1104 divide 221812330?
False
Is 106785972 a multiple of 12?
True
Does 925 divide 35907575?
True
Is 19716258 a multiple of 27?
False
Is 1215 a factor of 3189969135?
True
Does 30 divide 1090188125?
False
Is 136594229 a multiple of 63?
False
Does 8596 divide 5218124436?
True
Does 79 divide 3285294671?
False
Is 1195436880 a multiple of 176?
True
Is 14 a factor of 359306355?
False
Is 32015393 a multiple of 49?
False
Is 190197006 a multiple of 9?
False
Is 1062 a factor of 198530968?
False
Is 264 a factor of 49111879?
False
Does 981 divide 50411505?
False
Is 27 a factor of 44144229?
False
Does 22 divide 57398880?
True
Does 450 divide 1165756950?
True
Is 189 a factor of 121970961?
True
Does 351 divide 553143708?
True
Is 4 a factor of 217668?
True
Is 4 a factor of 60206196?
True
Is 534110634 a multiple of 114?
True
Is 1331 a factor of 61171930?
False
Is 40 a factor of 21317442?
False
Is 58 a factor of 798104969?
False
Does 183 divide 1785727283?
False
Is 74465154 a multiple of 873?
True
Is 29 a factor of 399888472?
False
Does 1986 divide 103377258?
True
Is 56 a factor of 28855512?
True
Is 969 a factor of 217976550?
True
Is 21843299 a multiple of 1439?
False
Is 1280 a factor of 90468004?
False
Is 104600991 a multiple of 18?
False
Is 91 a factor of 168568764?
True
Does 740 divide 1519874900?
True
Is 1165529512 a multiple of 5222?
True
Is 196 a factor of 75852?
True
Is 434346 a multiple of 418?
False
Is 29 a factor of 121470042?
False
Is 1426 a factor of 3414602632?
True
Does 2671 divide 112053792?
True
Is 51184438 a multiple of 75?
False
Is 15 a factor of 3797950123?
False
Is 22 a factor of 94686326?
False
Is 54962706 a multiple of 501?
True
Is 581 a factor of 25819059?
True
Is 722 a factor of 3864144?
True
Is 37379673 a multiple of 179?
False
Does 44 divide 370221676?
True
Is 27715056 a multiple of 139?
False
Is 230340 a multiple of 33?
True
Does 1377 divide 382113725?
False
Is 55 a factor of 212564715?
True
Is 42999015 a multiple of 1039?
True
Is 93044520 a multiple of 1830?
True
Does 1759 divide 200880522?
False
Is 6345896 a multiple of 116?
True
Does 763 divide 120788241?
True
Is 2482 a factor of 17571761?
False
Is 304 a factor of 303876272?
True
Is 186 a factor of 5852314347?
False
Is 77 a factor of 52924063?
False
Is 1551 a factor of 279338202?
True
Is 971764 a multiple of 332?
True
Does 15 divide 349467546?
False
Is 91672133 a multiple of 114?
False
Is 56174071 a multiple of 91?
False
Does 302 divide 8714786?
False
Is 15 a factor of 32151150?
True
Is 298286868 a multiple of 33?
True
Is 1394894 a multiple of 103?
False
Is 54 a factor of 7301865?
False
Does 217 divide 60558266?
False
Is 1171 a factor of 270162581?
True
Is 535 a factor of 54524525?
True
Does 5125 divide 2490157462?
False
Does 5484 divide 962547004?
False
Is 3075972727 a multiple of 1521?
False
Is 87455511 a multiple of 388?
False
Does 276 divide 12369216?
True
Is 9 a factor of 622148880?
False
Does 648 divide 2333001147?
False
Is 383042566 a multiple of 251?
True
Does 2433 divide 234529035?
True
Is 384693887 a multiple of 710?
False
Is 112753530 a multiple of 7?
False
Does 12 divide 18789468?
True
Does 128 divide 98526565?
False
Does 389 divide 776733027?
True
Does 652 divide 1086765?
False
Is 714898378 a multiple of 83?
False
Is 6293 a factor of 250883031?
True
Is 2799323676 a multiple of 36?
True
Is 70 a factor of 29843888?
False
Is 76 a factor of 1993708?
True
Is 21 a factor of 54775740?
False
Does 591 divide 20370674?
False
Is 35734357 a multiple of 83?
False
Is 1372 a factor of 113503645?
False
Does 8180 divide 3120867866?
False
Is 21348303 a multiple of 9?
False
Does 30 divide 11738964?
False
Is 251984061 a multiple of 1493?
True
Does 6638 divide 408427825?
False
Is 819846607 a multiple of 9584?
False
Is 16491152 a multiple of 2833?
False
Is 1436710247 a multiple of 1330?
False
Does 56 divide 47085696?
True
Is 85266776 a multiple of 244?
True
Is 44 a factor of 1062050703?
False
Is 28 a factor of 65619008?
True
Does 613 divide 21168292?
False
Does 7 divide 45601164?
True
Does 240 divide 109743064?
False
Is 580 a factor of 2958000?
True
Is 8 a factor of 169376088?
True
Is 84 a factor of 7473839?
False
Is 111 a factor of 622925107?
False
Is 5 a factor of 275700849?
False
Does 7 divide 18553157?
True
Is 95299125 a multiple of 1675?
True
Is 4 a factor of 89636792?
True
Does 3 divide 485614230?
True
Is 13 a factor of 56447666?
False
Does 569 divide 44760385?
True
Is 43 a factor of 13023754?
True
Is 19 a factor of 4257973142?
False
Is 179 a factor of 106675587?
True
Is 205107575 a multiple of 17?
False
Does 6762 divide 2228094566?
False
Is 20048600 a multiple of 715?
True
Is 13 a factor of 44398575?
True
Does 754 divide 342676221?
False
Is 145251600 a multiple of 325?
True
Does 11 divide 12637587?
False
Does 13 divide 109869266?
True
Is 69747076 a multiple of 244?
False
Is 48 a factor of 13500283?
False
Is 581100 a multiple of 300?
True
Is 860 a factor of 89802756?
False
Is 21005070 a multiple of 30?
True
Does 6588 divide 5761283949?
False
Does 1729 divide 22580740?
True
Is 8076 a factor of 2815568184?
True
Is 39599657 a multiple of 45?
False
Is 58345107 a multiple of 449?
False
Does 40 divide 1131088520?
True
Is 124823740 a multiple of 10?
True
Is 931357397 a multiple of 13?
False
Does 1650 divide 30219923?
False
Is 859819821 a multiple of 63?
False
Is 145619834 a multiple of 58?
False
Is 279760399 a multiple of 787?
True
Is 75 a factor of 5986875?
True
Is 956 a factor of 494905904?
True
Is 284 a factor of 157036371?
False
Is 60 a factor of 118713180?
True
Is 236308708 a multiple of 4?
True
Does 247 divide 55338868?
True
Does 227 divide 74100600?
False
Is 469255446 a multiple of 65?
False
Does 2 divide 116816073?
False
Does 440 divide 22784960?
True
Is 213 a factor of 13019662?
False
Is 164 a factor of 2646316300?
True
Does 88 divide 34598696?
True
Is 2027766150 a multiple of 4861?
True
Is 29 a factor of 89881092?
True
Is 22 a factor of 183910595?
False
Is 991655409 a multiple of 67?
True
Is 79363365 a multiple of 2865?
True
Is 18 a factor of 89849088?
True
Is 27388928 a multiple of 256?
True
Is 1573065 a multiple of 15?
True
Is 74 a factor of 20525084?
True
Is 3 a factor of 352233700?
False
Is 6773 a factor of 105199095?
False
Is 2723220 a multiple of 18?
True
Is 7 a factor of 5318006?
False
Is 16 a factor of 1225729888?
True
Is 1479283 a multiple of 2?
False
Is 56435775 a multiple of 67?
True
Is 31 a factor of 750791609?
False
Is 747 a factor of 314305143?
False
Is 1941156198 a multiple of 237?
False
Does 27 divide 911384811?
True
Is 1346683176 a multiple of 8?
True
Is 273 a factor of 5304017?
False
Is 141 a factor of 626189319?
True
Does 3 divide 24827175?
True
Is 45 a factor of 198893353?
False
Does 35 divide 24715696?
False
Is 848196 a multiple of 9?
True
Does 460 divide 96950098?
False
Does 2187 divide 1013302710?
True
Is 99530682 a multiple of 2482?
True
Is 1292885668 a multiple of 10?
False
Does 72 divide 33828840?
True
Is 25 a factor of 1470099790?
False
Is 74491200 a multiple of 2100?
True
Is 11 a factor of 15583040?
True
Does 989 divide 1993211809?
True
Is 129 a factor of 10780799?
False
Is 3807 a factor of 216463081?
False
Does 198 divide 6913368?
True
Is 2220382840 a multiple of 40?
True
Is 3884 a factor of 223603149?
False
Does 38 divide 254361094?
True
Does 114 divide 34086952?
False
Is 98803330 a multiple of 2395?
True
Is 194083338 a multiple of 258?
True
Is 456643177 a multiple of 89?
False
Does 17 divide 2606037321?
True
Is 147 a factor of 125950923?
True
Does 813 divide 13768031?
False
Does 66 divide 1483461642?
False